mon factor of j and 11?
11
Suppose -26*m = -12*m - 546. What is the highest common factor of m and 377?
13
Let m = 33 + -83. Let b = 70 + m. Calculate the greatest common factor of 8 and b.
4
Suppose 2*t - 9 = 35. Let d be (-4)/t - (-1248)/88. What is the greatest common divisor of d and 42?
14
Suppose 49*u + 74 = 52*u - 4*h, -3*h - 101 = -4*u. Suppose -3*f - 2 = -8. Let z be -3*-13*f/3. What is the highest common divisor of u and z?
26
Let s be 0/(-1*3 - (-5 - -3)). Suppose s = -4*f + 30 + 30. Let q(p) = -4*p - 3. Let x be q(-2). What is the highest common divisor of f and x?
5
Suppose h = -1, -44 = -o - h + 11. What is the highest common factor of o and 2296?
56
Let s(j) = -j**3 + 25*j**2 + 56*j + 36. Let o be s(26). Calculate the highest common divisor of 17 and o.
17
Suppose -16*u = -11*u - 3*j - 75, -3*j = 4*u - 87. What is the greatest common factor of 126 and u?
18
Let b = -1779 + 1815. Calculate the highest common factor of 297 and b.
9
Let u(i) = -5*i - 12. Let h(q) = -3*q - 6. Let r(c) = 7*h(c) - 4*u(c). Let p be r(4). Suppose -5*y + 8 + p = 0. What is the highest common factor of y and 8?
2
Let d(u) = 2*u**3 - 20*u**2 - 10*u + 18. Let o be d(11). Calculate the highest common factor of 6 and o.
6
Let f(q) = -q**2 + 2*q. Let m be f(3). Let r be m - (0 - 3) - 0. Suppose 5*z = -4*n + 16, 16 = -r*n + 4*n + 2*z. What is the highest common divisor of 4 and n?
4
Let x(v) = -14*v - 10*v - 12 + 3*v**2 + 15*v. Let n be x(-4). What is the highest common divisor of n and 9?
9
Suppose 3*b = -5*y + 7035, 0 = 3*y - 2*b + 6*b - 4232. What is the highest common divisor of y and 52?
52
Let i = -106 + 301. What is the highest common divisor of 30 and i?
15
Let m(z) = -z**2 + 26*z - 102. Let d be m(18). Calculate the highest common factor of 798 and d.
42
Let h(g) = 4*g**3 - 22*g**2 - 4*g + 40. Let z be h(6). Calculate the highest common factor of 1342 and z.
22
Let f = 302 + -292. What is the highest common divisor of 190 and f?
10
Let r = 906 + -462. What is the greatest common divisor of 111 and r?
111
Let h(t) = t**3 + 14*t**2 + 12*t - 7. Let x be h(-13). Suppose 8*d = x*d + 84. What is the highest common divisor of d and 336?
42
Let n(w) = 2*w + 19. Let v be n(7). Let d = v + -21. What is the highest common factor of 30 and d?
6
Suppose 3*z = -5*f + 307, -149 = -2*z + f + 60. Let h = -37 + 50. Calculate the highest common divisor of h and z.
13
Let l be ((6/(-4))/(-1))/(9/336). What is the highest common factor of 7 and l?
7
Let v(z) = 34*z + 8. Let u be v(4). Suppose 0 = 5*y - 3*y - 32. What is the highest common divisor of u and y?
16
Let l be 18*((-18)/(-4) + -3). Calculate the highest common divisor of 12 and l.
3
Suppose -24 = 2*b - 4*b. Let g be b + -6 + (2 - 2 - 1). What is the highest common factor of g and 20?
5
Let a = 24 - -178. Let r = a + -92. Calculate the highest common factor of r and 275.
55
Suppose -o = 2*w - 64, 5*o + w = 3*o + 116. Let v(c) = c - 20. Let p be v(28). What is the greatest common divisor of o and p?
8
Suppose -5*l = 5*t - 2855, -l - 579 = -t - 0*l. Calculate the highest common divisor of t and 5.
5
Let d be 14/4 + (-2)/4. Suppose -3*f + d*r = -18 - 42, 4*r + 64 = 3*f. Let j = 52 + -36. Calculate the highest common factor of f and j.
16
Suppose -25*v + 32*v = 252. What is the highest common factor of v and 32?
4
Suppose -5*x - 91 + 401 = -f, 0 = -5*f. Suppose 67*y - 120 = x*y. Calculate the greatest common factor of 12 and y.
12
Let o be -6 + 4 - (0 - 14). Suppose -36*k - 54 = -39*k. Calculate the greatest common divisor of o and k.
6
Suppose 3*d - d = -5*c + 159, -2*c - 4*d + 54 = 0. Calculate the greatest common factor of c and 12.
3
Let l = -156 + 234. Calculate the greatest common divisor of l and 39.
39
Suppose 2*g - 3 = -1, 28 = h + 5*g. What is the greatest common divisor of 253 and h?
23
Suppose -7*b = 774 - 879. What is the greatest common divisor of b and 1605?
15
Suppose -2*y + 6 - 4 = 0. Suppose -c = -y + 4, 3*b - c = 24. Calculate the highest common factor of b and 35.
7
Suppose 8*y - 23*y = -15. What is the greatest common divisor of y and 31?
1
Let y = -313 - -772. Calculate the greatest common factor of y and 54.
27
Let x be ((-11)/(-33))/((-2)/402). Let h = x + 110. Calculate the highest common divisor of 301 and h.
43
Let o(k) be the second derivative of -2*k**3/3 - 14*k**2 + 7*k. Let a be o(-9). Calculate the greatest common factor of a and 12.
4
Suppose 4*g + 0*g - 1608 = 0. Let v = -202 + g. Suppose -14*z + v = -9*z. What is the greatest common divisor of 16 and z?
8
Let c be (-119)/(-34)*12/14. Suppose -c*n + 2*n - 8 = 4*m, -m = -5*n + 23. Let o be (n - 0) + 0/(-16). Calculate the greatest common factor of o and 6.
2
Let b(n) = -35*n - 117. Let c be b(-7). Calculate the greatest common divisor of 160 and c.
32
Suppose 14 + 4 = 2*c. Let q be (((-260)/(-6))/1)/(c/27). Calculate the greatest common factor of q and 26.
26
Suppose 3*v + 5*l - 36 = 0, -1 = -3*v + 5*l + 5. Suppose -3*z - 2*t - 226 = -v*z, 0 = -z - 4*t + 61. What is the greatest common divisor of 38 and z?
19
Let d(q) = -q - 1. Suppose -3*p + 2*c - 35 = -8, -2*p - 2*c - 28 = 0. Let b be d(p). Let t = 4 + b. Calculate the highest common divisor of 7 and t.
7
Let o(n) = -4*n - 28. Let z = 4 - 16. Let r be o(z). Let h be (-10)/(-6) + (-1)/(-3). Calculate the greatest common divisor of r and h.
2
Let z(g) = -2*g**2 - 4*g - 8. Let n be z(-2). Let i = n + 120. What is the highest common factor of i and 14?
14
Let b = 488 + -160. What is the highest common factor of b and 41?
41
Let u be 14 + -8 + 0 + (-115)/(-1). Let h(m) = -5*m - 4. Let s be h(-3). Calculate the highest common factor of u and s.
11
Let l(a) = -3*a**3 + 36*a**2 - 11*a + 44. Let g be l(11). Suppose -7 = p - 33. Calculate the greatest common factor of p and g.
26
Let h(l) = -2*l**3 + 17*l**2 - 2*l - 9. Let s be h(8). What is the greatest common divisor of s and 39?
39
Let g = -245 - -349. Let n be (-82)/(-6) - ((-16)/(-6) - 2). What is the highest common factor of g and n?
13
Suppose 36*s = 50*s - 56. Calculate the highest common divisor of 112 and s.
4
Let x = -28 - -34. Suppose 4*o + 3*y = 84 - 3, 2*y = -2*o + 42. What is the greatest common factor of o and x?
6
Let a = -89 + 131. Let h(r) = 32*r**2 + 122*r - 246. Let w be h(2). Calculate the highest common factor of a and w.
42
Suppose -5*o - 2*n + 1100 = 0, 0 = -0*o + 5*o - 3*n - 1100. What is the highest common factor of 44 and o?
44
Suppose -2*i + 0*i = 0. Suppose -3*g - 6 = -i*g. Let z(j) = -j**3 + j. Let u be z(g). What is the highest common divisor of 66 and u?
6
Suppose 17*c - 40 - 198 = 0. What is the greatest common divisor of c and 574?
14
Suppose -10 = -24*h + 23*h. Calculate the greatest common factor of h and 90.
10
Let h(l) = -11*l + 11. Let y be h(-9). Suppose 7*w - 3487 = -3333. Calculate the greatest common divisor of y and w.
22
Let z(b) be the third derivative of 7*b**5/30 - 9*b**2. Let r be z(1). Calculate the greatest common divisor of r and 112.
14
Suppose -4*l = -l - 6. Suppose z - l*z = -100. Calculate the highest common factor of 25 and z.
25
Suppose -467 = -4*f - 67. What is the highest common factor of 80 and f?
20
Suppose 0 = 5*k + 4*m - 70 - 49, -4*k + 96 = 3*m. Suppose 27*a - 24*a - 5*z = 395, 0 = 4*a - 3*z - 534. Calculate the highest common factor of k and a.
27
Let w be 130/(-5)*(-3)/(-2)*1. Let s = -21 - w. What is the greatest common divisor of 198 and s?
18
Let q(v) = -v**2 + 59*v - 190. Let s be q(54). What is the highest common factor of 460 and s?
20
Suppose 36 + 6 = 2*z. Let y be (-3)/6 - (-57)/6. Let o be 98/(-3)*y/(-2). Calculate the greatest common divisor of o and z.
21
Let i(w) = w**2 + w + 2. Let h be i(-2). Suppose 4*u + 2*g = 0, 0 - 16 = h*g. Calculate the highest common factor of u and 5.
1
Suppose 3*j = -2*j + 400. Suppose 4*i - 232 + j = 0. Suppose 5*g = i + 842. Calculate the greatest common factor of 16 and g.
16
Let g be (-1 - 14) + (-6 - -8). Let y = g + 29. Calculate the greatest common divisor of y and 64.
16
Let h be (-5)/30 + 2378/12. What is the greatest common divisor of h and 33?
33
Let v(b) = 96*b + 5. Let r be v(2). Suppose -4*a + 225 = -p, -4*a - 5*p + 22 = -r. Let u = 2 + 12. Calculate the highest common factor of a and u.
14
Suppose 4*u = 265 + 35. Supp